 the remainder when 91 is divided by 21.
7
Calculate the remainder when 2121 is divided by 1002.
117
What is the remainder when 27 is divided by 7?
6
Calculate the remainder when 197 is divided by 84.
29
What is the remainder when 96 is divided by 71?
25
Calculate the remainder when 48 is divided by 25.
23
What is the remainder when 618 is divided by 57?
48
Calculate the remainder when 35 is divided by 28.
7
Calculate the remainder when 415 is divided by 22.
19
What is the remainder when 28 is divided by 6?
4
Calculate the remainder when 535 is divided by 178.
1
What is the remainder when 317 is divided by 17?
11
Calculate the remainder when 6758 is divided by 11.
4
What is the remainder when 6594 is divided by 4?
2
What is the remainder when 226 is divided by 76?
74
Calculate the remainder when 2283 is divided by 5.
3
Calculate the remainder when 7152 is divided by 146.
144
Calculate the remainder when 195 is divided by 20.
15
Calculate the remainder when 111 is divided by 30.
21
Calculate the remainder when 76 is divided by 16.
12
Calculate the remainder when 1274 is divided by 230.
124
Calculate the remainder when 792 is divided by 375.
42
What is the remainder when 11480 is divided by 32?
24
What is the remainder when 312 is divided by 80?
72
Calculate the remainder when 292 is divided by 74.
70
What is the remainder when 63 is divided by 38?
25
Calculate the remainder when 56 is divided by 25.
6
What is the remainder when 752 is divided by 154?
136
What is the remainder when 1186 is divided by 10?
6
What is the remainder when 111 is divided by 13?
7
What is the remainder when 2524 is divided by 132?
16
Calculate the remainder when 56 is divided by 51.
5
What is the remainder when 135 is divided by 78?
57
What is the remainder when 801 is divided by 394?
13
What is the remainder when 398 is divided by 50?
48
What is the remainder when 461 is divided by 33?
32
Calculate the remainder when 2516 is divided by 85.
51
What is the remainder when 177 is divided by 68?
41
Calculate the remainder when 6436 is divided by 1070.
16
Calculate the remainder when 700 is divided by 348.
4
Calculate the remainder when 69 is divided by 35.
34
Calculate the remainder when 108 is divided by 35.
3
Calculate the remainder when 173 is divided by 53.
14
Calculate the remainder when 149 is divided by 38.
35
What is the remainder when 1701 is divided by 14?
7
What is the remainder when 5852 is divided by 2919?
14
What is the remainder when 920 is divided by 288?
56
What is the remainder when 3194 is divided by 188?
186
What is the remainder when 325 is divided by 8?
5
Calculate the remainder when 1436 is divided by 206.
200
What is the remainder when 32 is divided by 19?
13
What is the remainder when 384 is divided by 55?
54
Calculate the remainder when 2655 is divided by 148.
139
What is the remainder when 643 is divided by 160?
3
What is the remainder when 5485 is divided by 28?
25
Calculate the remainder when 2675 is divided by 142.
119
Calculate the remainder when 2324 is divided by 1113.
98
What is the remainder when 395 is divided by 9?
8
What is the remainder when 11262 is divided by 11?
9
Calculate the remainder when 154 is divided by 27.
19
Calculate the remainder when 134 is divided by 74.
60
Calculate the remainder when 54 is divided by 28.
26
What is the remainder when 50 is divided by 7?
1
Calculate the remainder when 601 is divided by 14.
13
What is the remainder when 669 is divided by 61?
59
Calculate the remainder when 3027 is divided by 20.
7
Calculate the remainder when 3518 is divided by 40.
38
What is the remainder when 217 is divided by 13?
9
What is the remainder when 1231 is divided by 14?
13
What is the remainder when 253 is divided by 16?
13
Calculate the remainder when 1648 is divided by 6.
4
Calculate the remainder when 6571 is divided by 62.
61
What is the remainder when 537 is divided by 77?
75
What is the remainder when 262 is divided by 12?
10
What is the remainder when 245 is divided by 85?
75
What is the remainder when 173 is divided by 170?
3
Calculate the remainder when 151 is divided by 39.
34
Calculate the remainder when 360 is divided by 65.
35
What is the remainder when 1747 is divided by 19?
18
What is the remainder when 205 is divided by 26?
23
What is the remainder when 1680 is divided by 29?
27
Calculate the remainder when 1398 is divided by 175.
173
Calculate the remainder when 467 is divided by 93.
2
What is the remainder when 230 is divided by 218?
12
Calculate the remainder when 1348 is divided by 71.
70
What is the remainder when 588 is divided by 8?
4
What is the remainder when 53 is divided by 37?
16
Calculate the remainder when 119 is divided by 63.
56
What is the remainder when 227 is divided by 60?
47
Calculate the remainder when 459 is divided by 21.
18
Calculate the remainder when 67 is divided by 40.
27
Calculate the remainder when 494 is divided by 100.
94
What is the remainder when 820 is divided by 425?
395
Calculate the remainder when 11251 is divided by 3743.
22
Calculate the remainder when 19199 is divided by 80.
79
What is the remainder when 196 is divided by 32?
4
Calculate the remainder when 1944 is divided by 11.
8
Calculate the remainder when 100 is divided by 44.
12
What is the remainder when 8093 is divided by 180?
173
What is the remainder when 1219 is divided by 44?
31
What is the remainder when 85 is divided by 80?
5
What is the remainder when 665 is divided by 220?
5
Calculate the remainder when 296 is divided by 59.
1
What is the remainder when 166 is divided by 45?
31
What is the remainder when 4139 is divided by 143?
135
What is the remainder when 5 is divided by 3?
2
Calculate the remainder when 175 is divided by 57.
4
What is the remainder when 365 is divided by 37?
32
What is the remainder when 139 is divided by 84?
55
What is the remainder when 8 is divided by 7?
1
Calculate the remainder when 801 is divided by 12.
9
What is the remainder when 4 is divided by 2?
0
Calculate the remainder when 58 is divided by 33.
25
Calculate the remainder when 1823 is divided by 76.
75
Calculate the remainder when 402 is divided by 101.
99
What is the remainder when 59 is divided by 40?
19
What is the remainder when 477 is divided by 44?
37
Calculate the remainder when 596 is divided by 134.
60
What is the remainder when 191 is divided by 29?
17
Calculate the remainder when 3122 is divided by 46.
40
What is the remainder when 499 is divided by 247?
5
Calculate the remainder when 17071 is divided by 16.
15
Calculate the remainder when 64 is divided by 22.
20
What is the remainder when 29533 is divided by 179?
177
Calculate the remainder when 19 is divided by 18.
1
Calculate the remainder when 218 is divided by 60.
38
Calculate the remainder when 183 is divided by 50.
33
Calculate the remainder when 92 is divided by 29.
5
What is the remainder when 85 is divided by 82?
3
Calculate the remainder when 24 is divided by 17.
7
What is the remainder when 255 is divided by 125?
5
What is the remainder when 222 is divided by 8?
6
What is the remainder when 47 is divided by 35?
12
Calculate the remainder when 278 is divided by 270.
8
Calculate the remainder when 153 is divided by 4.
1
Calculate the remainder when 1445 is divided by 52.
41
What is the remainder when 502 is divided by 58?
38
What is the remainder when 198 is divided by 20?
18
What is the remainder when 80 is divided by 8?
0
What is the remainder when 276 is divided by 52?
16
What is the remainder when 86 is divided by 43?
0
What is the remainder when 590 is divided by 22?
18
What is the remainder when 4483 is divided by 20?
3
What is the remainder when 475 is divided by 228?
19
What is the remainder when 21 is divided by 6?
3
What is the remainder when 38 is divided by 17?
4
Calculate the remainder when 108 is divided by 56.
52
Calculate the remainder when 200 is divided by 102.
98
What is the remainder when 8831 is divided by 128?
127
What is the remainder when 49 is divided by 48?
1
What is the remainder when 764 is divided by 26?
10
Calculate the remainder when 627 is divided by 21.
18
Calculate the remainder when 5007 is divided by 28.
23
Calculate the remainder when 166 is divided by 13.
10
What is the remainder when 110 is divided by 10?